{"id":23,"date":"2016-07-08T18:03:19","date_gmt":"2016-07-08T16:03:19","guid":{"rendered":"http:\/\/d-stress-psy.com\/blog\/?page_id=23"},"modified":"2017-04-09T01:41:24","modified_gmt":"2017-04-08T23:41:24","slug":"qui-est-claude-berthoumieux","status":"publish","type":"page","link":"https:\/\/d-stress-psy.com\/blog\/qui-est-claude-berthoumieux\/","title":{"rendered":"Une psy \u00e0 votre \u00e9coute"},"content":{"rendered":"<p><img loading=\"lazy\" decoding=\"async\" class=\"size-medium wp-image-62 alignleft\" src=\"http:\/\/d-stress-psy.com\/blog\/wp-content\/uploads\/2017\/01\/PHOTO-CLO-ACTU-SUR-LE-NET-187x300.jpg\" alt=\"\" width=\"187\" height=\"300\" srcset=\"https:\/\/d-stress-psy.com\/blog\/wp-content\/uploads\/2017\/01\/PHOTO-CLO-ACTU-SUR-LE-NET-187x300.jpg 187w, https:\/\/d-stress-psy.com\/blog\/wp-content\/uploads\/2017\/01\/PHOTO-CLO-ACTU-SUR-LE-NET.jpg 429w\" sizes=\"auto, (max-width: 187px) 100vw, 187px\" \/>Bonjour ,<\/p>\n<p>Je vais r\u00e9pondre tout de suite \u00e0 la question l\u00e9gitime que vous pouvez vous poser quand vous rencontrer un &#8220;psy&#8221; :\u00a0<strong>&#8220;Avez-vous des dipl\u00f4mes ?&#8221;\u00a0<\/strong><\/p>\n<p>Oui, je suis dipl\u00f4m\u00e9e en psychologie, Ma\u00eetrise et DEA depuis 1968 ( le DESS est arriv\u00e9 plus tard !) mais ce qui compte pour moi, ce sont mes 40 ans de formation continue et d&#8217;exp\u00e9riences en psychoth\u00e9rapie au service du mieux-\u00eatre de tous ceux qui m&#8217;ont fait confiance.<\/p>\n<p>Je suis devenu victimologue \u00a0dans les ann\u00e9es 90, sp\u00e9cialis\u00e9e dans l&#8217;aide aux victimes et la pr\u00e9vention du\u00a0Stress\u00a0Post Traumatique.<\/p>\n<p>\u00c0\u00a0ce titre j&#8217;ai \u00e9t\u00e9 formatrice et consultante\u00a0aupr\u00e8s de nombreuses\u00a0entreprises allant des transports publics de grandes villes ( Marseille, Nantes, Bordeaux), \u00a0 de la grande distribution ou d&#8217;\u00e9tablissements financiers, ou m\u00eame d&#8217;administrations ( la Poste, les Assedic, l&#8217;Urssaf, P\u00f4le emploi ) pour aider leur collaborateurs victimes d&#8217;agressions ou d&#8217;incivilit\u00e9s.<\/p>\n<p>Ma\u00eetre Praticienne en PNL, et sp\u00e9cialiste en Psychologie Comportementale et cognitive, je maitrise des outils tels que la PNL, la Bion\u00e9nergie, la Primal th\u00e9rapie , les Rebirthing et l&#8217;Analyse Transactionnelle et quelques autres.<\/p>\n<p>Aujourd&#8217;hui, je donne encore des<a href=\"http:\/\/d-stress-psy.com\/rendez-vous\/\"> consultations de psychoth\u00e9rapie individuelles<\/a> en face \u00e0 face, par t\u00e9l\u00e9phone ou par skype.<\/p>\n<p>Passionn\u00e9e par le th\u00e9\u00e2tre, j&#8217;ai cr\u00e9\u00e9 dans les ann\u00e9es 80, le Th\u00e9\u00e2tre Primal, une technique de d\u00e9veloppement personnel par le th\u00e9\u00e2tre pour tenter de faire de notre\u00a0vie un chef d&#8217;oeuvre (tout un programme !)<\/p>\n<p>J&#8217;ai continu\u00e9 par la suite\u00a0avec <a href=\"http:\/\/d-stress-psy.com\/la-voie-du-clown-pour-oser-etre-soi\/\">&#8220;A La recherche de son propre clown&#8221;<\/a> parce que je suis persuad\u00e9e que l&#8217;humour de soi et la joie du coeur nous sauveront dans ce monde de &#8220;M\u00e9tal Hurlant&#8221; !<\/p>\n<figure id=\"attachment_97\" aria-describedby=\"caption-attachment-97\" style=\"width: 231px\" class=\"wp-caption aligncenter\"><img loading=\"lazy\" decoding=\"async\" class=\"size-medium wp-image-97\" src=\"http:\/\/d-stress-psy.com\/blog\/wp-content\/uploads\/2016\/07\/Capture-d\u2019e\u0301cran-2015-07-05-a\u0300-13.17.56-231x300.jpg\" alt=\"\" width=\"231\" height=\"300\" srcset=\"https:\/\/d-stress-psy.com\/blog\/wp-content\/uploads\/2016\/07\/Capture-d\u2019e\u0301cran-2015-07-05-a\u0300-13.17.56-231x300.jpg 231w, https:\/\/d-stress-psy.com\/blog\/wp-content\/uploads\/2016\/07\/Capture-d\u2019e\u0301cran-2015-07-05-a\u0300-13.17.56.jpg 347w\" sizes=\"auto, (max-width: 231px) 100vw, 231px\" \/><figcaption id=\"caption-attachment-97\" class=\"wp-caption-text\">Mon alter \u00e9go M&#8217;dame Clochette un clown qui se prend pour un psy et qui parle de la vie telle qu&#8217;elle la voit ou la ressent.<\/figcaption><\/figure>\n<p>&nbsp;<\/p>\n<p><strong>Ma passion<\/strong>\u00a0: Vous guider et vous transmettre toute l&#8217;aide dont vous pourriez avoir besoin pour vous\u00a0retrouver dans le labyrinthe de la vie.<\/p>\n<p><strong>Ma Foi:<\/strong> c&#8217;est de croire en l&#8217;Humain et de croire que tout est encore possible quels que soient les \u00e9v\u00e9nements qui nous frappent au d\u00e9tours des chemins.<\/p>\n<p><strong>Ma conviction :<\/strong>\u00a0c&#8217;est qu&#8217;ensemble nous pouvons non seulement changer votre vie mais aussi changer le monde. Car si un seul individu change, tout peut changer<\/p>\n<p><strong>Mon d\u00e9fi<\/strong>:<\/p>\n<ul>\n<li>Vous donner des infos et des moyens pour ARRETER de souffrir inutilement<\/li>\n<li>Vous accompagner sur vos chemins de vie pour vous aider \u00e0 faire de votre vie un chef d&#8217;oeuvre et \u00e0 r\u00e9aliser vos r\u00eaves, m\u00eame les plus fous !<\/li>\n<\/ul>\n<h3><\/h3>\n<p>&nbsp;<\/p>\n<p><strong>Mon souhait :<\/strong> vous rencontrer et vous accompagner\u00a0sur un bout du chemin .<\/p>\n","protected":false},"excerpt":{"rendered":"<p>Bonjour , Je vais r\u00e9pondre tout de suite \u00e0 la question l\u00e9gitime que vous pouvez vous poser quand vous rencontrer un &#8220;psy&#8221; :\u00a0&#8220;Avez-vous des dipl\u00f4mes ?&#8221;\u00a0 Oui, je suis dipl\u00f4m\u00e9e en psychologie, Ma\u00eetrise et DEA depuis 1968 ( le DESS est arriv\u00e9 plus tard !) mais ce qui compte pour moi, ce sont mes 40 [&hellip;]<\/p>\n","protected":false},"author":2,"featured_media":16,"parent":0,"menu_order":0,"comment_status":"closed","ping_status":"closed","template":"","meta":{"_monsterinsights_skip_tracking":false,"_monsterinsights_sitenote_active":false,"_monsterinsights_sitenote_note":"","_monsterinsights_sitenote_category":0,"_uf_show_specific_survey":0,"_uf_disable_surveys":false,"footnotes":""},"class_list":["post-23","page","type-page","status-publish","has-post-thumbnail","hentry"],"yoast_head":"<!-- This site is optimized with the Yoast SEO plugin v25.3 - https:\/\/yoast.com\/wordpress\/plugins\/seo\/ -->\n<title>Une psy \u00e0 votre \u00e9coute - Je r\u00e9ussis ma vie<\/title>\n<meta name=\"robots\" content=\"index, follow, max-snippet:-1, max-image-preview:large, max-video-preview:-1\" \/>\n<link rel=\"canonical\" href=\"https:\/\/d-stress-psy.com\/blog\/qui-est-claude-berthoumieux\/\" \/>\n<meta property=\"og:locale\" content=\"fr_FR\" \/>\n<meta property=\"og:type\" content=\"article\" \/>\n<meta property=\"og:title\" content=\"Une psy \u00e0 votre \u00e9coute - Je r\u00e9ussis ma vie\" \/>\n<meta property=\"og:description\" content=\"Bonjour , Je vais r\u00e9pondre tout de suite \u00e0 la question l\u00e9gitime que vous pouvez vous poser quand vous rencontrer un &#8220;psy&#8221; :\u00a0&#8220;Avez-vous des dipl\u00f4mes ?&#8221;\u00a0 Oui, je suis dipl\u00f4m\u00e9e en psychologie, Ma\u00eetrise et DEA depuis 1968 ( le DESS est arriv\u00e9 plus tard !) mais ce qui compte pour moi, ce sont mes 40 [&hellip;]\" \/>\n<meta property=\"og:url\" content=\"https:\/\/d-stress-psy.com\/blog\/qui-est-claude-berthoumieux\/\" \/>\n<meta property=\"og:site_name\" content=\"Je r\u00e9ussis ma vie\" \/>\n<meta property=\"article:modified_time\" content=\"2017-04-08T23:41:24+00:00\" \/>\n<meta property=\"og:image\" content=\"https:\/\/d-stress-psy.com\/blog\/wp-content\/uploads\/2016\/07\/12670825_10154112750109265_7586125065106011612_n.jpg\" \/>\n\t<meta property=\"og:image:width\" content=\"960\" \/>\n\t<meta property=\"og:image:height\" content=\"960\" \/>\n\t<meta property=\"og:image:type\" content=\"image\/jpeg\" \/>\n<meta name=\"twitter:card\" content=\"summary_large_image\" \/>\n<meta name=\"twitter:label1\" content=\"Dur\u00e9e de lecture estim\u00e9e\" \/>\n\t<meta name=\"twitter:data1\" content=\"2 minutes\" \/>\n<script type=\"application\/ld+json\" class=\"yoast-schema-graph\">{\"@context\":\"https:\/\/schema.org\",\"@graph\":[{\"@type\":\"WebPage\",\"@id\":\"https:\/\/d-stress-psy.com\/blog\/qui-est-claude-berthoumieux\/\",\"url\":\"https:\/\/d-stress-psy.com\/blog\/qui-est-claude-berthoumieux\/\",\"name\":\"Une psy \u00e0 votre \u00e9coute - Je r\u00e9ussis ma vie\",\"isPartOf\":{\"@id\":\"https:\/\/d-stress-psy.com\/blog\/#website\"},\"primaryImageOfPage\":{\"@id\":\"https:\/\/d-stress-psy.com\/blog\/qui-est-claude-berthoumieux\/#primaryimage\"},\"image\":{\"@id\":\"https:\/\/d-stress-psy.com\/blog\/qui-est-claude-berthoumieux\/#primaryimage\"},\"thumbnailUrl\":\"https:\/\/d-stress-psy.com\/blog\/wp-content\/uploads\/2016\/07\/12670825_10154112750109265_7586125065106011612_n.jpg\",\"datePublished\":\"2016-07-08T16:03:19+00:00\",\"dateModified\":\"2017-04-08T23:41:24+00:00\",\"breadcrumb\":{\"@id\":\"https:\/\/d-stress-psy.com\/blog\/qui-est-claude-berthoumieux\/#breadcrumb\"},\"inLanguage\":\"fr-FR\",\"potentialAction\":[{\"@type\":\"ReadAction\",\"target\":[\"https:\/\/d-stress-psy.com\/blog\/qui-est-claude-berthoumieux\/\"]}]},{\"@type\":\"ImageObject\",\"inLanguage\":\"fr-FR\",\"@id\":\"https:\/\/d-stress-psy.com\/blog\/qui-est-claude-berthoumieux\/#primaryimage\",\"url\":\"https:\/\/d-stress-psy.com\/blog\/wp-content\/uploads\/2016\/07\/12670825_10154112750109265_7586125065106011612_n.jpg\",\"contentUrl\":\"https:\/\/d-stress-psy.com\/blog\/wp-content\/uploads\/2016\/07\/12670825_10154112750109265_7586125065106011612_n.jpg\",\"width\":960,\"height\":960},{\"@type\":\"BreadcrumbList\",\"@id\":\"https:\/\/d-stress-psy.com\/blog\/qui-est-claude-berthoumieux\/#breadcrumb\",\"itemListElement\":[{\"@type\":\"ListItem\",\"position\":1,\"name\":\"Accueil\",\"item\":\"https:\/\/d-stress-psy.com\/blog\/\"},{\"@type\":\"ListItem\",\"position\":2,\"name\":\"Une psy \u00e0 votre \u00e9coute\"}]},{\"@type\":\"WebSite\",\"@id\":\"https:\/\/d-stress-psy.com\/blog\/#website\",\"url\":\"https:\/\/d-stress-psy.com\/blog\/\",\"name\":\"Je r\u00e9ussis ma vie\",\"description\":\"Votre Blog anti-stress\",\"potentialAction\":[{\"@type\":\"SearchAction\",\"target\":{\"@type\":\"EntryPoint\",\"urlTemplate\":\"https:\/\/d-stress-psy.com\/blog\/?s={search_term_string}\"},\"query-input\":{\"@type\":\"PropertyValueSpecification\",\"valueRequired\":true,\"valueName\":\"search_term_string\"}}],\"inLanguage\":\"fr-FR\"}]}<\/script>\n<!-- \/ Yoast SEO plugin. -->","yoast_head_json":{"title":"Une psy \u00e0 votre \u00e9coute - Je r\u00e9ussis ma vie","robots":{"index":"index","follow":"follow","max-snippet":"max-snippet:-1","max-image-preview":"max-image-preview:large","max-video-preview":"max-video-preview:-1"},"canonical":"https:\/\/d-stress-psy.com\/blog\/qui-est-claude-berthoumieux\/","og_locale":"fr_FR","og_type":"article","og_title":"Une psy \u00e0 votre \u00e9coute - Je r\u00e9ussis ma vie","og_description":"Bonjour , Je vais r\u00e9pondre tout de suite \u00e0 la question l\u00e9gitime que vous pouvez vous poser quand vous rencontrer un &#8220;psy&#8221; :\u00a0&#8220;Avez-vous des dipl\u00f4mes ?&#8221;\u00a0 Oui, je suis dipl\u00f4m\u00e9e en psychologie, Ma\u00eetrise et DEA depuis 1968 ( le DESS est arriv\u00e9 plus tard !) mais ce qui compte pour moi, ce sont mes 40 [&hellip;]","og_url":"https:\/\/d-stress-psy.com\/blog\/qui-est-claude-berthoumieux\/","og_site_name":"Je r\u00e9ussis ma vie","article_modified_time":"2017-04-08T23:41:24+00:00","og_image":[{"width":960,"height":960,"url":"https:\/\/d-stress-psy.com\/blog\/wp-content\/uploads\/2016\/07\/12670825_10154112750109265_7586125065106011612_n.jpg","type":"image\/jpeg"}],"twitter_card":"summary_large_image","twitter_misc":{"Dur\u00e9e de lecture estim\u00e9e":"2 minutes"},"schema":{"@context":"https:\/\/schema.org","@graph":[{"@type":"WebPage","@id":"https:\/\/d-stress-psy.com\/blog\/qui-est-claude-berthoumieux\/","url":"https:\/\/d-stress-psy.com\/blog\/qui-est-claude-berthoumieux\/","name":"Une psy \u00e0 votre \u00e9coute - Je r\u00e9ussis ma vie","isPartOf":{"@id":"https:\/\/d-stress-psy.com\/blog\/#website"},"primaryImageOfPage":{"@id":"https:\/\/d-stress-psy.com\/blog\/qui-est-claude-berthoumieux\/#primaryimage"},"image":{"@id":"https:\/\/d-stress-psy.com\/blog\/qui-est-claude-berthoumieux\/#primaryimage"},"thumbnailUrl":"https:\/\/d-stress-psy.com\/blog\/wp-content\/uploads\/2016\/07\/12670825_10154112750109265_7586125065106011612_n.jpg","datePublished":"2016-07-08T16:03:19+00:00","dateModified":"2017-04-08T23:41:24+00:00","breadcrumb":{"@id":"https:\/\/d-stress-psy.com\/blog\/qui-est-claude-berthoumieux\/#breadcrumb"},"inLanguage":"fr-FR","potentialAction":[{"@type":"ReadAction","target":["https:\/\/d-stress-psy.com\/blog\/qui-est-claude-berthoumieux\/"]}]},{"@type":"ImageObject","inLanguage":"fr-FR","@id":"https:\/\/d-stress-psy.com\/blog\/qui-est-claude-berthoumieux\/#primaryimage","url":"https:\/\/d-stress-psy.com\/blog\/wp-content\/uploads\/2016\/07\/12670825_10154112750109265_7586125065106011612_n.jpg","contentUrl":"https:\/\/d-stress-psy.com\/blog\/wp-content\/uploads\/2016\/07\/12670825_10154112750109265_7586125065106011612_n.jpg","width":960,"height":960},{"@type":"BreadcrumbList","@id":"https:\/\/d-stress-psy.com\/blog\/qui-est-claude-berthoumieux\/#breadcrumb","itemListElement":[{"@type":"ListItem","position":1,"name":"Accueil","item":"https:\/\/d-stress-psy.com\/blog\/"},{"@type":"ListItem","position":2,"name":"Une psy \u00e0 votre \u00e9coute"}]},{"@type":"WebSite","@id":"https:\/\/d-stress-psy.com\/blog\/#website","url":"https:\/\/d-stress-psy.com\/blog\/","name":"Je r\u00e9ussis ma vie","description":"Votre Blog anti-stress","potentialAction":[{"@type":"SearchAction","target":{"@type":"EntryPoint","urlTemplate":"https:\/\/d-stress-psy.com\/blog\/?s={search_term_string}"},"query-input":{"@type":"PropertyValueSpecification","valueRequired":true,"valueName":"search_term_string"}}],"inLanguage":"fr-FR"}]}},"_links":{"self":[{"href":"https:\/\/d-stress-psy.com\/blog\/wp-json\/wp\/v2\/pages\/23","targetHints":{"allow":["GET"]}}],"collection":[{"href":"https:\/\/d-stress-psy.com\/blog\/wp-json\/wp\/v2\/pages"}],"about":[{"href":"https:\/\/d-stress-psy.com\/blog\/wp-json\/wp\/v2\/types\/page"}],"author":[{"embeddable":true,"href":"https:\/\/d-stress-psy.com\/blog\/wp-json\/wp\/v2\/users\/2"}],"replies":[{"embeddable":true,"href":"https:\/\/d-stress-psy.com\/blog\/wp-json\/wp\/v2\/comments?post=23"}],"version-history":[{"count":12,"href":"https:\/\/d-stress-psy.com\/blog\/wp-json\/wp\/v2\/pages\/23\/revisions"}],"predecessor-version":[{"id":312,"href":"https:\/\/d-stress-psy.com\/blog\/wp-json\/wp\/v2\/pages\/23\/revisions\/312"}],"wp:featuredmedia":[{"embeddable":true,"href":"https:\/\/d-stress-psy.com\/blog\/wp-json\/wp\/v2\/media\/16"}],"wp:attachment":[{"href":"https:\/\/d-stress-psy.com\/blog\/wp-json\/wp\/v2\/media?parent=23"}],"curies":[{"name":"wp","href":"https:\/\/api.w.org\/{rel}","templated":true}]}}