{"id":42,"date":"2016-07-09T16:31:19","date_gmt":"2016-07-09T14:31:19","guid":{"rendered":"http:\/\/d-stress-psy.com\/blog\/?page_id=42"},"modified":"2017-02-07T01:47:27","modified_gmt":"2017-02-07T00:47:27","slug":"bienvenue","status":"publish","type":"page","link":"https:\/\/d-stress-psy.com\/blog\/bienvenue\/","title":{"rendered":"Bienvenue dans votre blog anti stress !"},"content":{"rendered":"<h3>Bonjour et Bienvenue dans votre \u00a0blog anti-stress !<\/h3>\n<p>&nbsp;<\/p>\n<p><img loading=\"lazy\" decoding=\"async\" class=\"alignnone wp-image-16\" src=\"http:\/\/d-stress-psy.com\/blog\/wp-content\/uploads\/2016\/07\/12670825_10154112750109265_7586125065106011612_n-300x300.jpg\" alt=\"12670825_10154112750109265_7586125065106011612_n\" width=\"159\" height=\"159\" srcset=\"https:\/\/d-stress-psy.com\/blog\/wp-content\/uploads\/2016\/07\/12670825_10154112750109265_7586125065106011612_n-300x300.jpg 300w, https:\/\/d-stress-psy.com\/blog\/wp-content\/uploads\/2016\/07\/12670825_10154112750109265_7586125065106011612_n-150x150.jpg 150w, https:\/\/d-stress-psy.com\/blog\/wp-content\/uploads\/2016\/07\/12670825_10154112750109265_7586125065106011612_n-768x768.jpg 768w, https:\/\/d-stress-psy.com\/blog\/wp-content\/uploads\/2016\/07\/12670825_10154112750109265_7586125065106011612_n-160x160.jpg 160w, https:\/\/d-stress-psy.com\/blog\/wp-content\/uploads\/2016\/07\/12670825_10154112750109265_7586125065106011612_n-320x320.jpg 320w, https:\/\/d-stress-psy.com\/blog\/wp-content\/uploads\/2016\/07\/12670825_10154112750109265_7586125065106011612_n.jpg 960w\" sizes=\"auto, (max-width: 159px) 100vw, 159px\" \/><\/p>\n<p>Je m&#8217;appelle Claude Berthoumieux, je suis<strong>\u00a0<\/strong>une femme qui a d\u00e9j\u00e0 v\u00e9cu pr\u00e8s de 70 ans.<\/p>\n<p>Je suis cens\u00e9e \u00eatre \u00e0 la retraite apr\u00e8s 40 ans au service des\u00a0personnes en difficult\u00e9 dans leur vie, mais je ne peux pas m&#8217;arr\u00eater , j&#8217;ai trop de choses \u00e0 vous dire, trop de choses \u00e0 partager.<\/p>\n<p>Psychologue, psychoth\u00e9rapeute et\u00a0<a href=\"http:\/\/d-stress-psy.com\/blog\/qui-est-claude-berthoumieux\/\">Formatrice depuis la fin des ann\u00e9es 80<\/a>, pendant 30 ans j&#8217;ai aid\u00e9 des personnes \u00e0 mieux vivre et des entreprises \u00e0 g\u00e9rer et soutenir \u00a0leurs collaborateurs stress\u00e9s \u00e0 la suite d&#8217;agressions ou de burnout. <a href=\"http:\/\/d-stress-psy.com\/blog\/qui-est-claude-berthoumieux\/\">Pour en savoir plus\u00a0<\/a>sur mon parcours, <a href=\"http:\/\/d-stress-psy.com\/blog\/qui-est-claude-berthoumieux\/\">cliquez sur le lien<\/a>.<\/p>\n<p>Ici, dans ce blog, je suis l\u00e0 pour partager mon exp\u00e9rience de vie, autant en tant que femme qu&#8217;en tant que psy, \u00a0et pour r\u00e9pondre \u00e0 vos questions. Si je peux !<\/p>\n<p>Vous y trouverez \u00a0des conseils utiles, mes actualit\u00e9s: l&#8217;annonce de mes conf\u00e9rences sur le web ou en direct ou des ateliers que je compte vous proposer pour vous aider \u00e0 r\u00e9ussir \u00a0votre vie au quotidien, vos relations, et vous lib\u00e9rer de toutes <strong>les sources de stress<\/strong> inutiles qui vous font souffrir pour rien.<\/p>\n<p>&nbsp;<\/p>\n<h3>Pourquoi traiter du stress\u00a0en priorit\u00e9 dans ce blog ?<\/h3>\n<p>Parce que d&#8217;une fa\u00e7on ou d&#8217;une autre rares sont les personnes , m\u00eame les plus &#8220;\u00e9quilibr\u00e9es dans leur t\u00eate&#8221; qui ne sont pas victimes du stress, un jour ou l&#8217;autre.<\/p>\n<p>En mois de 5 ans , le stress est pass\u00e9 de la 4\u00e8me \u00e0 la deuxi\u00e8me place ( apr\u00e8s le sida ) dans le rang des maladies mortelles \u00e0 l&#8217;\u00e9chelle de la plan\u00e8te. Le stress et ses cons\u00e9quences co\u00fbtent des milliards\u00a0d&#8217;euros chaque ann\u00e9e rien qu&#8217;en Europe.<\/p>\n<p>Tout est devenu beaucoup plus stressant qu&#8217;avant parce que le temps semble acc\u00e9l\u00e9rer. Nous devons faire en une journ\u00e9e de 24 h, ce que nous accomplissions\u00a0peut-\u00eatre en 3 jours ou une semaine au d\u00e9but du si\u00e8cle dernier.<\/p>\n<p>Pour maintenir le confort\u00a0acquis au fil des si\u00e8cles, nous devons <strong>redoubler d&#8217;effort<\/strong> alors que nous somme cens\u00e9s communiquer plus vite et que tout est \u00e0 notre disposition et l&#8217;information \u00e0 port\u00e9e d&#8217;un simple clic, et \u00eatre lib\u00e9r\u00e9 de tout un tas de contraintes m\u00e9nag\u00e8res gr\u00e2ce \u00e0\u00a0la robotisation de tous les instruments de la vie quotidienne. Pourtant, parfois et de plus en plus souvent, nous sommes d\u00e9bord\u00e9(e)s !<\/p>\n<p>&nbsp;<\/p>\n<h3>Le paradoxe de nos soci\u00e9t\u00e9s contemporaines<\/h3>\n<p>Une soci\u00e9t\u00e9 qui prosp\u00e8re est\u00a0normalement, une soci\u00e9t\u00e9 qui ne devrait faire de mal \u00e0 personne. Et pourtant aucun groupe social, que ce soit un peuple ou une entreprise ne peut-\u00eatre \u00e9quilibr\u00e9 et efficace si ceux qui la constituent sont malheureux ou en ins\u00e9curit\u00e9.<\/p>\n<p>Il reste fort \u00e0 faire pour <strong>mettre\u00a0l&#8217;humain au coeur de la vie<\/strong>\u00a0que ce soit au sein des entreprises des institutions de notre Soci\u00e9t\u00e9. C&#8217;est mon combat, celui de toute une vie.<\/p>\n<h4><a href=\"http:\/\/d-stress-psy.com\/videos-conseils-de-vie\/le-travail-mepuise-suis-je-menace-de-burnout\/\">Le stress peut rendre malade, le stress, peut tuer<\/a><\/h4>\n<p>&nbsp;<\/p>\n<blockquote><p><strong>Pourtant, \u00a0le stress, n&#8217;est pas une fatalit\u00e9, <\/strong>il n&#8217;est pas la cause de votre mal \u00eatre, il en est le r\u00e9sultat et juste un\u00a0signal\u00a0d&#8217;alarme &#8220;utile&#8221;. Si on l&#8217;\u00e9coute, il nous alerte sur une dissonance et nous pr\u00e9vient que quelque chose ne va pas et qu&#8217;il est temps d&#8217;agir !<\/p>\n<p>Mon d\u00e9fi sera de vous aider \u00e0 d\u00e9raciner\u00a0<strong>les sources du stress.\u00a0<\/strong>C&#8217;est l\u00e0 que je peux vous aider, si vous acceptez de me parlez de vous en laissant des commentaires sous les\u00a0articles ou en me rejoignant sur mes pages Facebook.<\/p>\n<p>&nbsp;<\/p><\/blockquote>\n<p>Pour commencer vous devriez aller faire votre propre <strong>Evaluation de Stress au travail<\/strong> en cliquant sur<\/p>\n<blockquote>\n<h3 style=\"text-align: center;\"><a href=\"http:\/\/d-stress-psy.com\/videos-conseils-de-vie\/le-travail-mepuise-suis-je-menace-de-burnout\/\">Mon travail m&#8217;\u00e9puise, suis je menac\u00e9 par le burnout ?\u00a0<\/a><\/h3>\n<\/blockquote>\n<h3><\/h3>\n<p>&nbsp;<\/p>\n<h3>Une urgence : apprendre \u00e0 penser autrement et d\u00e9velopper une vision positive de la vie<\/h3>\n<p>Pourquoi ? \u00a0Parce que c&#8217;est tout simplement magique !<\/p>\n<p>Nous existons dans un monde &#8220;mat\u00e9riel&#8221;\u00a0et forts de\u00a0notre \u00e9ducation cart\u00e9sienne avons tendance \u00e0 nier l&#8217;existence de ce que ne nous voyons pas ou de ce qui n&#8217;est pas &#8220;prouv\u00e9&#8221; scientifiquement.<\/p>\n<p>Pourtant, nous ne &#8220;voyons&#8221; pas l&#8217;air ou le vent nous en percevons juste les\u00a0effets, c&#8217;est exactement la m\u00eame chose pour nos pens\u00e9es et nos \u00e9motions. Elles sont tout aussi r\u00e9elles et agissantes sur notre organisme.<\/p>\n<p>Nos pens\u00e9es, agissent sur nos \u00e9tat internes ( agr\u00e9ables ou d\u00e9sagr\u00e9ables ) et nos \u00e9tats \u00e9motionnels agissent sur nos comportements, donc sur les autres et l&#8217;environnement.<\/p>\n<p>La mati\u00e8re est vibration. Et comme dans la musique, \u00a0certaines vibrations entrent en r\u00e9sonance ou en dissonance avec d&#8217;autres vibrations. \u00e7a joue juste ou \u00e7a joue faux, c&#8217;est harmonieux ou disharmonieux.\u00a0Exactement comme certaines couleurs vont s&#8217;accorder entre elles et d&#8217;autres nous heurter profond\u00e9ment.<\/p>\n<p>Le stress engendre des pens\u00e9es n\u00e9gative et \u00a0\u00e0 force de penser ou de parler &#8220;du n\u00e9gatif&#8221;, \u00a0je vais vibrer \u00e0 un certain niveau de fr\u00e9quences qui va agir sur mes organes, mes s\u00e9cr\u00e9tions d&#8217;adr\u00e9naline ou d&#8217;endorphines ou sur toute autre de mes hormones. Ce qui, bien entendu \u00a0va avoir des r\u00e9percussions sur mon \u00e9tat g\u00e9n\u00e9ral, me rendre malade et \u00a0parfois m\u00eame &#8220;contaminer&#8221; \u00a0mon entourage.<\/p>\n<p>&nbsp;<\/p>\n<blockquote><p><strong>Nos \u00e9tats \u00e9motionnels sont contagieux\u00a0<\/strong><\/p>\n<p>&nbsp;<\/p><\/blockquote>\n<p>A l&#8217;inverse \u00a0toutes les pens\u00e9es orient\u00e9es sur des moments heureux ou joyeux, vont \u00a0imm\u00e9diatement g\u00e9n\u00e9rer un sentiment de bien-\u00eatre.<\/p>\n<p>Autrement dit quand je &#8220;ressasse&#8221; mes probl\u00e8mes ou mes soucis , je me maintiens dans un \u00e9tat qui ne peut en aucun cas\u00a0s&#8217;am\u00e9liorer, m\u00eame si je faisais toutes les th\u00e9rapies du monde.<\/p>\n<p>Tout l&#8217;enjeu d&#8217;une approche vers \u00a0&#8220;la gu\u00e9rison&#8221;\u00a0 va r\u00e9sider dans une alternance subtile entre l&#8217;exploration des sources du mal-\u00eatre et le renforcement de nos &#8220;pilliers&#8221; positifs, autrement dit , dans notre capacit\u00e9 \u00e0 acc\u00e9der \u00e0 nos ressources personnelles\u00a0qu&#8217;elles soient physiques, psychiques ou spirituelles.<\/p>\n<p>&nbsp;<\/p>\n<blockquote><p><strong>Tout est une question d&#8217;\u00e9tat d&#8217;esprit ou tout est dans l&#8217;id\u00e9e qu&#8217;on s&#8217;en fait !\u00a0<\/strong><\/p>\n<p>&nbsp;<\/p><\/blockquote>\n<p>Nous sommes responsables de nous maintenir dans un \u00e9tat de stress ou d&#8217;en sortir. Ce n&#8217;est qu&#8217;une question de d\u00e9cision. Il faut juste \u00e9viter de laisser les choses aller trop loin, car plus on s&#8217;enfonce, plus il est difficile de remonter. Mais, croyez moi, et j&#8217;en ai fait plusieurs fois l&#8217;exp\u00e9rience : \u00e7a reste toujours possible.<\/p>\n<p>\u00c7a fait partie des secrets que j&#8217;aimerais partager avec vous.<\/p>\n<p>Et je ne serai pas la seule, <a href=\"http:\/\/d-stress-psy.com\/blog\/videos-de-mdame-clochette\/\">M&#8217;dame Clochette ,<\/a> mon alter \u00e9go clown sera l\u00e0 aussi dans\u00a0ce blog pour vous donner sa vision de la vie au travers de ses vid\u00e9os ou des ses <a href=\"http:\/\/d-stress-psy.com\/blog\/videos-de-mdame-clochette\/\">\u00a0&#8220;FOUS MAIS-SAGES&#8221;<\/a>. Vous pouvez la retrouver aussi sur <a href=\"https:\/\/www.facebook.com\/humour.de.soi\/?fref=ts\">sa page Facebook<\/a>.<\/p>\n<p>&nbsp;<\/p>\n<h3>En conclusion<\/h3>\n<h4>Ce blog est fait pour vous aider \u00e0 y voir plus clair dans votre vie !<\/h4>\n<ul>\n<li>R\u00e9duire toutes vos sources de stress inutiles.<\/li>\n<li>Mieux comprendre vos r\u00e9actions, vos comportements, ce qui vous fait agir\u00a0et vous aider \u00e0 reprendre le pouvoir sur vous-m\u00eame. La connaissance de soi est fondamentale pour arr\u00eater de subir.<\/li>\n<\/ul>\n<p>Je vous l&#8217;ai dit ma passion, c&#8217;est de transmettre et d&#8217;aider tout un chacun \u00e0 s&#8217;y retrouver dans le labyrinthe de nos peurs et vous donner une chance de retrouver votre chemin !<\/p>\n<p>Des impasses, il y en a partout, parfois, elles sont aga\u00e7antes, parfois elles sont juste insupportables, parce que \u00e7a ne fait que 100 fois que vous vous y retrouvez.<\/p>\n<p>Mon but, c&#8217;est de tout vous dire , de vous livrer 69 ans de vie et d&#8217;enseignements, bref, de tout ce que que j&#8217;ai compris, avant que je ne devienne trop vieille ( ou trop g\u00e2teuse ) pour le faire &#8230;<\/p>\n<p>Bien s\u00fbr j&#8217;ai conscience que ce n&#8217;est que ma\u00a0vision du monde&#8230;elle vaut ce qu&#8217;elle vaut, mais si \u00e7a peut vous aider, j&#8217;en serai heureuse.<\/p>\n<p>Et parfois, c&#8217;est moi qui vous demanderai conseil &#8230;c&#8217;est vous qui m&#8217;enseignerez<\/p>\n<p>N&#8217;h\u00e9sitez pas \u00e0 laisser des commentaires.<\/p>\n<p>Merci pour nous tous.<\/p>\n<p>&nbsp;<\/p>\n","protected":false},"excerpt":{"rendered":"<p>Bonjour et Bienvenue dans votre \u00a0blog anti-stress ! &nbsp; Je m&#8217;appelle Claude Berthoumieux, je suis\u00a0une femme qui a d\u00e9j\u00e0 v\u00e9cu pr\u00e8s de 70 ans. Je suis cens\u00e9e \u00eatre \u00e0 la retraite apr\u00e8s 40 ans au service des\u00a0personnes en difficult\u00e9 dans leur vie, mais je ne peux pas m&#8217;arr\u00eater , j&#8217;ai trop de choses \u00e0 vous [&hellip;]<\/p>\n","protected":false},"author":2,"featured_media":0,"parent":0,"menu_order":0,"comment_status":"closed","ping_status":"closed","template":"","meta":{"_monsterinsights_skip_tracking":false,"_monsterinsights_sitenote_active":false,"_monsterinsights_sitenote_note":"","_monsterinsights_sitenote_category":0,"_uf_show_specific_survey":0,"_uf_disable_surveys":false,"footnotes":""},"class_list":["post-42","page","type-page","status-publish","hentry"],"yoast_head":"<!-- This site is optimized with the Yoast SEO plugin v25.3 - https:\/\/yoast.com\/wordpress\/plugins\/seo\/ -->\n<title>Bienvenue dans votre blog anti stress ! - Je r\u00e9ussis ma vie<\/title>\n<meta name=\"robots\" content=\"index, follow, max-snippet:-1, max-image-preview:large, max-video-preview:-1\" \/>\n<link rel=\"canonical\" href=\"https:\/\/d-stress-psy.com\/blog\/bienvenue\/\" \/>\n<meta property=\"og:locale\" content=\"fr_FR\" \/>\n<meta property=\"og:type\" content=\"article\" \/>\n<meta property=\"og:title\" content=\"Bienvenue dans votre blog anti stress ! - Je r\u00e9ussis ma vie\" \/>\n<meta property=\"og:description\" content=\"Bonjour et Bienvenue dans votre \u00a0blog anti-stress ! &nbsp; Je m&#8217;appelle Claude Berthoumieux, je suis\u00a0une femme qui a d\u00e9j\u00e0 v\u00e9cu pr\u00e8s de 70 ans. Je suis cens\u00e9e \u00eatre \u00e0 la retraite apr\u00e8s 40 ans au service des\u00a0personnes en difficult\u00e9 dans leur vie, mais je ne peux pas m&#8217;arr\u00eater , j&#8217;ai trop de choses \u00e0 vous [&hellip;]\" \/>\n<meta property=\"og:url\" content=\"https:\/\/d-stress-psy.com\/blog\/bienvenue\/\" \/>\n<meta property=\"og:site_name\" content=\"Je r\u00e9ussis ma vie\" \/>\n<meta property=\"article:modified_time\" content=\"2017-02-07T00:47:27+00:00\" \/>\n<meta property=\"og:image\" content=\"http:\/\/d-stress-psy.com\/blog\/wp-content\/uploads\/2016\/07\/12670825_10154112750109265_7586125065106011612_n-300x300.jpg\" \/>\n<meta name=\"twitter:card\" content=\"summary_large_image\" \/>\n<meta name=\"twitter:label1\" content=\"Dur\u00e9e de lecture estim\u00e9e\" \/>\n\t<meta name=\"twitter:data1\" content=\"7 minutes\" \/>\n<script type=\"application\/ld+json\" class=\"yoast-schema-graph\">{\"@context\":\"https:\/\/schema.org\",\"@graph\":[{\"@type\":\"WebPage\",\"@id\":\"https:\/\/d-stress-psy.com\/blog\/bienvenue\/\",\"url\":\"https:\/\/d-stress-psy.com\/blog\/bienvenue\/\",\"name\":\"Bienvenue dans votre blog anti stress ! - Je r\u00e9ussis ma vie\",\"isPartOf\":{\"@id\":\"https:\/\/d-stress-psy.com\/blog\/#website\"},\"primaryImageOfPage\":{\"@id\":\"https:\/\/d-stress-psy.com\/blog\/bienvenue\/#primaryimage\"},\"image\":{\"@id\":\"https:\/\/d-stress-psy.com\/blog\/bienvenue\/#primaryimage\"},\"thumbnailUrl\":\"http:\/\/d-stress-psy.com\/blog\/wp-content\/uploads\/2016\/07\/12670825_10154112750109265_7586125065106011612_n-300x300.jpg\",\"datePublished\":\"2016-07-09T14:31:19+00:00\",\"dateModified\":\"2017-02-07T00:47:27+00:00\",\"breadcrumb\":{\"@id\":\"https:\/\/d-stress-psy.com\/blog\/bienvenue\/#breadcrumb\"},\"inLanguage\":\"fr-FR\",\"potentialAction\":[{\"@type\":\"ReadAction\",\"target\":[\"https:\/\/d-stress-psy.com\/blog\/bienvenue\/\"]}]},{\"@type\":\"ImageObject\",\"inLanguage\":\"fr-FR\",\"@id\":\"https:\/\/d-stress-psy.com\/blog\/bienvenue\/#primaryimage\",\"url\":\"http:\/\/d-stress-psy.com\/blog\/wp-content\/uploads\/2016\/07\/12670825_10154112750109265_7586125065106011612_n-300x300.jpg\",\"contentUrl\":\"http:\/\/d-stress-psy.com\/blog\/wp-content\/uploads\/2016\/07\/12670825_10154112750109265_7586125065106011612_n-300x300.jpg\"},{\"@type\":\"BreadcrumbList\",\"@id\":\"https:\/\/d-stress-psy.com\/blog\/bienvenue\/#breadcrumb\",\"itemListElement\":[{\"@type\":\"ListItem\",\"position\":1,\"name\":\"Accueil\",\"item\":\"https:\/\/d-stress-psy.com\/blog\/\"},{\"@type\":\"ListItem\",\"position\":2,\"name\":\"Bienvenue dans votre blog anti stress !\"}]},{\"@type\":\"WebSite\",\"@id\":\"https:\/\/d-stress-psy.com\/blog\/#website\",\"url\":\"https:\/\/d-stress-psy.com\/blog\/\",\"name\":\"Je r\u00e9ussis ma vie\",\"description\":\"Votre Blog anti-stress\",\"potentialAction\":[{\"@type\":\"SearchAction\",\"target\":{\"@type\":\"EntryPoint\",\"urlTemplate\":\"https:\/\/d-stress-psy.com\/blog\/?s={search_term_string}\"},\"query-input\":{\"@type\":\"PropertyValueSpecification\",\"valueRequired\":true,\"valueName\":\"search_term_string\"}}],\"inLanguage\":\"fr-FR\"}]}<\/script>\n<!-- \/ Yoast SEO plugin. -->","yoast_head_json":{"title":"Bienvenue dans votre blog anti stress ! - Je r\u00e9ussis ma vie","robots":{"index":"index","follow":"follow","max-snippet":"max-snippet:-1","max-image-preview":"max-image-preview:large","max-video-preview":"max-video-preview:-1"},"canonical":"https:\/\/d-stress-psy.com\/blog\/bienvenue\/","og_locale":"fr_FR","og_type":"article","og_title":"Bienvenue dans votre blog anti stress ! - Je r\u00e9ussis ma vie","og_description":"Bonjour et Bienvenue dans votre \u00a0blog anti-stress ! &nbsp; Je m&#8217;appelle Claude Berthoumieux, je suis\u00a0une femme qui a d\u00e9j\u00e0 v\u00e9cu pr\u00e8s de 70 ans. Je suis cens\u00e9e \u00eatre \u00e0 la retraite apr\u00e8s 40 ans au service des\u00a0personnes en difficult\u00e9 dans leur vie, mais je ne peux pas m&#8217;arr\u00eater , j&#8217;ai trop de choses \u00e0 vous [&hellip;]","og_url":"https:\/\/d-stress-psy.com\/blog\/bienvenue\/","og_site_name":"Je r\u00e9ussis ma vie","article_modified_time":"2017-02-07T00:47:27+00:00","og_image":[{"url":"http:\/\/d-stress-psy.com\/blog\/wp-content\/uploads\/2016\/07\/12670825_10154112750109265_7586125065106011612_n-300x300.jpg","type":"","width":"","height":""}],"twitter_card":"summary_large_image","twitter_misc":{"Dur\u00e9e de lecture estim\u00e9e":"7 minutes"},"schema":{"@context":"https:\/\/schema.org","@graph":[{"@type":"WebPage","@id":"https:\/\/d-stress-psy.com\/blog\/bienvenue\/","url":"https:\/\/d-stress-psy.com\/blog\/bienvenue\/","name":"Bienvenue dans votre blog anti stress ! - Je r\u00e9ussis ma vie","isPartOf":{"@id":"https:\/\/d-stress-psy.com\/blog\/#website"},"primaryImageOfPage":{"@id":"https:\/\/d-stress-psy.com\/blog\/bienvenue\/#primaryimage"},"image":{"@id":"https:\/\/d-stress-psy.com\/blog\/bienvenue\/#primaryimage"},"thumbnailUrl":"http:\/\/d-stress-psy.com\/blog\/wp-content\/uploads\/2016\/07\/12670825_10154112750109265_7586125065106011612_n-300x300.jpg","datePublished":"2016-07-09T14:31:19+00:00","dateModified":"2017-02-07T00:47:27+00:00","breadcrumb":{"@id":"https:\/\/d-stress-psy.com\/blog\/bienvenue\/#breadcrumb"},"inLanguage":"fr-FR","potentialAction":[{"@type":"ReadAction","target":["https:\/\/d-stress-psy.com\/blog\/bienvenue\/"]}]},{"@type":"ImageObject","inLanguage":"fr-FR","@id":"https:\/\/d-stress-psy.com\/blog\/bienvenue\/#primaryimage","url":"http:\/\/d-stress-psy.com\/blog\/wp-content\/uploads\/2016\/07\/12670825_10154112750109265_7586125065106011612_n-300x300.jpg","contentUrl":"http:\/\/d-stress-psy.com\/blog\/wp-content\/uploads\/2016\/07\/12670825_10154112750109265_7586125065106011612_n-300x300.jpg"},{"@type":"BreadcrumbList","@id":"https:\/\/d-stress-psy.com\/blog\/bienvenue\/#breadcrumb","itemListElement":[{"@type":"ListItem","position":1,"name":"Accueil","item":"https:\/\/d-stress-psy.com\/blog\/"},{"@type":"ListItem","position":2,"name":"Bienvenue dans votre blog anti stress !"}]},{"@type":"WebSite","@id":"https:\/\/d-stress-psy.com\/blog\/#website","url":"https:\/\/d-stress-psy.com\/blog\/","name":"Je r\u00e9ussis ma vie","description":"Votre Blog anti-stress","potentialAction":[{"@type":"SearchAction","target":{"@type":"EntryPoint","urlTemplate":"https:\/\/d-stress-psy.com\/blog\/?s={search_term_string}"},"query-input":{"@type":"PropertyValueSpecification","valueRequired":true,"valueName":"search_term_string"}}],"inLanguage":"fr-FR"}]}},"_links":{"self":[{"href":"https:\/\/d-stress-psy.com\/blog\/wp-json\/wp\/v2\/pages\/42","targetHints":{"allow":["GET"]}}],"collection":[{"href":"https:\/\/d-stress-psy.com\/blog\/wp-json\/wp\/v2\/pages"}],"about":[{"href":"https:\/\/d-stress-psy.com\/blog\/wp-json\/wp\/v2\/types\/page"}],"author":[{"embeddable":true,"href":"https:\/\/d-stress-psy.com\/blog\/wp-json\/wp\/v2\/users\/2"}],"replies":[{"embeddable":true,"href":"https:\/\/d-stress-psy.com\/blog\/wp-json\/wp\/v2\/comments?post=42"}],"version-history":[{"count":16,"href":"https:\/\/d-stress-psy.com\/blog\/wp-json\/wp\/v2\/pages\/42\/revisions"}],"predecessor-version":[{"id":134,"href":"https:\/\/d-stress-psy.com\/blog\/wp-json\/wp\/v2\/pages\/42\/revisions\/134"}],"wp:attachment":[{"href":"https:\/\/d-stress-psy.com\/blog\/wp-json\/wp\/v2\/media?parent=42"}],"curies":[{"name":"wp","href":"https:\/\/api.w.org\/{rel}","templated":true}]}}